Let m be n(-21). Let r be o(m). What is the greatest common factor of r and 100?
20
Suppose -n + 172 = -3*v - 147, 2*n = -2*v - 202. Let y be 65 - (v/(-21) - 0/(-1)). Calculate the greatest common factor of 8 and y.
4
Let d = -352 + 545. Let o = d - 130. What is the greatest common divisor of o and 28?
7
Let m be 23 + 555/(-25) - 1016/(-5). Calculate the greatest common factor of 8772 and m.
204
Let v be -108*1/3*(11 + -2)*-1. Calculate the highest common divisor of v and 756.
108
Suppose 3*m - 36 = 6*m. Let w = 20 + m. Let y be 48*(10/8 - 22/(-88)). Calculate the highest common factor of w and y.
8
Let f(l) = -l**3 + 16*l**2 + 41*l - 27. Let m be f(18). Let d(w) = -w**3 + 7*w**2 + 11*w + 3. Let g be d(8). What is the highest common factor of m and g?
9
Suppose 0 = j + 17 - 13. Let l(z) = -5*z - 9. Let d be l(j). What is the highest common factor of 22 and d?
11
Suppose -70*a - 112 = -69*a. Let f = 90 + a. Let n be (-136)/f - (-6)/(-33). What is the greatest common factor of n and 30?
6
Let w(i) be the first derivative of -i**4/4 - 5*i**3 + 7*i**2 + 13*i - 31. Let t be w(-16). Calculate the greatest common divisor of 5 and t.
5
Suppose -16235 = -151*y + 2495 + 39707. What is the greatest common factor of 903 and y?
129
Suppose -50936 = -4*w - 2*g, 0 = 4*w - 2*g - 20821 - 30131. What is the highest common divisor of w and 199?
199
Suppose -2*v + 5*v - 194 = 13*q, 0 = 3*v - 5*q - 250. What is the greatest common divisor of v and 76?
19
Let a(m) = 23 + 406*m - 1235*m + 282*m**2 + 396*m + 408*m. Let h be a(1). Let u be (-4)/(-14) - 1112/(-28). What is the highest common factor of h and u?
40
Let q = 11447 - 9671. What is the highest common factor of 222 and q?
222
Let z = -4300 - -4309. Let l = -82 - -139. What is the highest common divisor of l and z?
3
Suppose -m + 307 = -364. Let d be (-459)/8568 - 6/(-14) - (-970)/16. Calculate the greatest common divisor of d and m.
61
Let u be (-72)/96 + 111/4. Let g be (-1)/1 - u/(-3). What is the highest common divisor of g and 64?
8
Suppose -6*s - 1666 = 11*s. Let y = s - -101. Suppose y*h + 3*x - 129 = 0, 0 = h - 2*h + 3*x + 35. Calculate the greatest common divisor of 41 and h.
41
Suppose 2*r - 5*l - 1245 = -3*r, 5*l = r - 237. Let m be ((-4)/(-7))/(306/19278). Calculate the greatest common factor of m and r.
36
Suppose -262 = -5*t + 2*o, -3*o = 4*t + 6*o - 199. What is the greatest common divisor of t and 65?
13
Let f(c) = c**3 - 15*c**2 - 16*c + 48. Let n = 173 - 157. Let k be f(n). Suppose 4*a - 24 = 3*a. Calculate the highest common factor of a and k.
24
Suppose 563 = 5*v + 3*x, -108 = -193*v + 192*v + 4*x. Let h = -24 + 56. What is the highest common divisor of v and h?
16
Let i = 9679 + -9588. Suppose -8*x + 282 = -5*x. Suppose c = 5*m - 135, c = -4*m - c + x. What is the greatest common factor of m and i?
13
Let a = -1 - -10. Let b = a + -8. Suppose 0 = 3*i + 5*p - 21, 28 = 4*i - 2*p - 0. Calculate the greatest common factor of b and i.
1
Let j be (16 + -42)/(2/(-11)). Suppose -131*d - 492 = -j*d. Calculate the greatest common factor of 1312 and d.
41
Suppose -40*t + 987 = -33*t. Suppose -755 - t = -8*n. What is the greatest common factor of 64 and n?
16
Let n be 1*-5 - (5 + 6 - 600). Let o = 610 - n. Let u be 6/27 + (-230)/(-18). Calculate the greatest common factor of o and u.
13
Let o(t) = -t**3 + 3*t**2 - 9*t - 6. Let i be o(-5). Let v = i + -50. Let k(f) = -f + 15. Let r be k(-6). What is the greatest common factor of v and r?
21
Let m be 11/((-8 + -4)/(-14364)). What is the highest common divisor of 126 and m?
63
Suppose -8*x + 3175 + 633 = 0. Calculate the highest common factor of x and 1088.
68
Let t be 4/6 - (-40)/3. Let h(u) = -4*u**3 - 191*u**2 - 143*u - 59. Let f be h(-47). What is the highest common divisor of t and f?
7
Let s be 648/19 - 524/2489*2/4. Let h(x) = 64*x - 5. Let d be h(3). What is the highest common divisor of d and s?
17
Let t = 16 - -45. Suppose 189*u + 1503 = 13032. Calculate the greatest common divisor of u and t.
61
Let v = 250 + 170. Let w = -360 + v. Calculate the highest common factor of 690 and w.
30
Let j be (-15456)/(-7)*5/10. Calculate the greatest common factor of 2668 and j.
92
Let x(y) = 12*y. Suppose 0*j - 7*j = -98. Let c = 20 - j. Let o be x(c). Calculate the highest common factor of 18 and o.
18
Let c be ((-96)/(-20))/(-2 - 36/(-15)). Let r be 448/12 - 16/c. Calculate the greatest common divisor of r and 108.
36
Suppose 3*d - 489 = -h, 0 = -2*d + 3*h + 186 + 107. Calculate the greatest common factor of 600 and d.
40
Suppose -5*f = 4*p - 312, -2*f + 101*p - 102*p + 123 = 0. What is the highest common divisor of f and 213?
3
Let x(g) = 4*g**2 - 18*g - 85. Let u be x(-7). Let f = u + -193. What is the highest common divisor of f and 132?
44
Let k = -4482 + 4538. Let b be -1*6*(-6 + 2). What is the greatest common divisor of b and k?
8
Let m(a) = 16*a + 69*a - 2 + 3*a - 6*a. Let q be m(1). Calculate the highest common factor of q and 32.
16
Suppose -l - b = b + 6, -5*b - 33 = -2*l. Let f = -24 + 26. Calculate the highest common factor of l and f.
2
Suppose 0 = -70*n + 68*n + 18. Let s be -5 - (5 - n - 37). What is the highest common factor of 12 and s?
12
Let b be 6/4 - ((-12278)/28 - -8). Calculate the greatest common factor of 81 and b.
27
Suppose -39531 = -51*m - 3219. What is the greatest common factor of 320 and m?
8
Suppose -1377 = -4*f - x, 9*f + 328 = 10*f - 3*x. Suppose -y - 2*m = 3*y - 32, 24 = 2*y + 5*m. What is the highest common divisor of y and f?
7
Let b = -10471 + 11207. Calculate the highest common divisor of 160 and b.
32
Let w(b) = -8*b**2 - 65*b + 8. Let m be w(-8). Suppose -150 = -m*u + 42. Calculate the highest common factor of 228 and u.
12
Let r(p) = -p**2 + 2*p + 24. Let k be r(6). Let l(d) = d**3 - d**2 + 176. Let b be l(k). What is the greatest common factor of 44 and b?
44
Suppose 5*k - 126 = 3*s, 12 = 3*s + 5*k + 168. Let a(r) = 2*r + 100. Let f be a(s). Calculate the highest common divisor of f and 36.
6
Let q = 2 + 5. Suppose 2*o = -4*l + 6, -2*o - l + 14 = -q. Suppose -5*t = -4*w - 145, -3*w + 2 = -o. Calculate the greatest common divisor of 22 and t.
11
Let x = -1968 - -11186. Calculate the greatest common factor of x and 22.
22
Let p be 163 - -1 - 0/38. Suppose 173*m - 495 = p*m. What is the greatest common factor of 880 and m?
55
Suppose -125*n - 632 = -127*n - 4*g, 0 = 4*n - 2*g - 1204. Suppose 2*q - 5*m - 142 = -2*q, -8 = -4*m. What is the highest common factor of q and n?
38
Let m = -70 - -54. Suppose -q - q + 92 = 0. Let h = q + m. Calculate the highest common divisor of h and 12.
6
Let j be 1 + 3882/24 - 30/(-24). Calculate the highest common divisor of j and 41.
41
Suppose 323*v - 325*v + 4*d = -164, -3*v - 4*d + 236 = 0. What is the highest common divisor of v and 1360?
80
Suppose 892 = 5*s - 4*l, -3*s - s = -l - 718. Let b = -59136 - -59196. Calculate the highest common factor of b and s.
60
Suppose 3*o = r - 9, 0 = 13*o - 16*o + 15. Let m be 2/(-6) + (-650)/(-6). Calculate the greatest common divisor of r and m.
12
Let q(f) = 3827*f + 304. Let p be q(1). Calculate the greatest common divisor of 17 and p.
17
Let h = 9573 + -8213. What is the highest common factor of h and 425?
85
Suppose 349*z - 79356 = 298*z. What is the greatest common factor of z and 16?
4
Suppose -7*y + 489 + 10 = 16. Calculate the highest common factor of 1127 and y.
23
Let b be (-6)/1*-5*108/120. Calculate the highest common divisor of b and 1971.
27
Let x = -4698 - -5103. Calculate the highest common divisor of 195 and x.
15
Let j be -68*(-2)/6*3. Let k(x) = 6*x**3 + 865*x**2 + 145*x + 246. Let a be k(-144). What is the highest common divisor of j and a?
34
Suppose 3*o = 27, -41*d + 44*d - 90 = 4*o. Suppose 5*s = s + 2688. What is the highest common divisor of s and d?
42
Let j = 4581 + -4573. What is the greatest common factor of 2344 and j?
8
Let l(x) = 9*x - 144. Let f(m) = 3*m - 49. Let o(h) = -17*f(h) + 6*l(h). Let v be o(12). Calculate the greatest common factor of v and 1.
1
Let o = -651 + 661. Suppose 5*l - 5*c - 1085 - o = 0, c = -2*l + 429. Calculate the highest common factor of l and 54.
54
Suppose 3*p = 4*m + 192, 18*p + 5*m = 14*p + 318. What is the highest common factor of p and 1071?
9
Let v be -18*(120/18)/(-10). Let 